7 a composite number?
False
Is 93497687 composite?
True
Is 20436787 a composite number?
True
Is 947839 a prime number?
False
Is 4216013 prime?
False
Is 147919281 composite?
True
Is 29639957 a composite number?
False
Is 131301263 a prime number?
True
Is 551453051 composite?
True
Is 34718 a composite number?
True
Is 11967617 a composite number?
False
Is 2834813 composite?
False
Is 103311083 a composite number?
False
Is 23808911 a composite number?
True
Is 2949599 a composite number?
True
Is 391513 prime?
False
Is 1089311 a composite number?
True
Is 11147407 a composite number?
True
Is 3497009 composite?
True
Is 3789231 prime?
False
Is 11158087 prime?
True
Is 69915401 prime?
True
Is 401309 a prime number?
True
Is 4700939 prime?
True
Is 226349551 a prime number?
True
Is 15520067 prime?
True
Is 1698703 prime?
False
Is 3237991 a composite number?
False
Is 289123 prime?
False
Is 66733 composite?
False
Is 3376229 composite?
False
Is 14774713 a prime number?
True
Is 5928617 a composite number?
False
Is 242729089 a composite number?
True
Is 9389927 a composite number?
False
Is 61417591 prime?
True
Is 26370713 a prime number?
False
Is 781028953 a composite number?
True
Is 15628663 prime?
True
Is 8340265 a composite number?
True
Is 21721127 a composite number?
False
Is 1609827 prime?
False
Is 5109491 a composite number?
False
Is 118730921 a prime number?
True
Is 5358063 composite?
True
Is 1748283 composite?
True
Is 698981 prime?
False
Is 44990213 a prime number?
True
Is 242681063 composite?
True
Is 34662643 prime?
False
Is 1247759 prime?
True
Is 602429 a prime number?
False
Is 9391 a composite number?
False
Is 1489423 prime?
False
Is 32497089 a prime number?
False
Is 462873 a composite number?
True
Is 29591063 prime?
True
Is 108882287 prime?
False
Is 2255347 composite?
True
Is 7416529 prime?
False
Is 82294201 a prime number?
False
Is 1516964479 a prime number?
True
Is 147677 composite?
True
Is 62417 a prime number?
True
Is 63149473 composite?
False
Is 6084251 prime?
False
Is 146829521 composite?
False
Is 248692187 prime?
True
Is 20038913 a composite number?
True
Is 124715267 prime?
True
Is 4919555 a prime number?
False
Is 18428713 composite?
False
Is 2339957 composite?
True
Is 77641843 prime?
True
Is 201378467 a composite number?
False
Is 35729 prime?
True
Is 922211 a composite number?
False
Is 72566211 a prime number?
False
Is 13047701 composite?
True
Is 6135629 a composite number?
True
Is 33300221 prime?
True
Is 6714889 a prime number?
False
Is 765519 prime?
False
Is 16684987 a composite number?
True
Is 293900479 a composite number?
True
Is 9864487 a composite number?
False
Is 15117514 prime?
False
Is 3683782 a composite number?
True
Is 27469118 prime?
False
Is 3510401 a composite number?
False
Is 41384849 a prime number?
False
Is 260584223 a prime number?
True
Is 2143417 composite?
False
Is 672604547 a prime number?
False
Is 389098421 a composite number?
False
Is 352681 composite?
True
Is 1631801 a composite number?
True
Is 7541731 composite?
False
Is 68030269 a composite number?
False
Is 1374731 composite?
False
Is 2049163 a prime number?
False
Is 980113 a composite number?
True
Is 1418227 composite?
True
Is 9251558 composite?
True
Is 191148665 composite?
True
Is 68779169 a prime number?
True
Is 28066063 composite?
True
Is 6996419 prime?
True
Is 177183463 a composite number?
False
Is 72937441 composite?
False
Is 235602749 a composite number?
False
Is 290837 composite?
False
Is 9050549 a composite number?
True
Is 1527739 composite?
True
Is 16661363 prime?
True
Is 171839891 a prime number?
False
Is 220537435 a composite number?
True
Is 82134179 prime?
True
Is 28801793 prime?
False
Is 13569331 composite?
False
Is 94787993 a prime number?
True
Is 32249147 a composite number?
True
Is 91683467 composite?
True
Is 30420953 composite?
False
Is 26605115 a prime number?
False
Is 3603091 a composite number?
True
Is 66198635 a composite number?
True
Is 1262363 a composite number?
False
Is 9703997 composite?
False
Is 3029947 a prime number?
True
Is 170021 prime?
True
Is 7770151 a prime number?
True
Is 232929923 prime?
True
Is 25820291 a composite number?
True
Is 7018457 prime?
True
Is 5179967 prime?
False
Is 176030061 a prime number?
False
Is 15971659 a composite number?
True
Is 4632766 prime?
False
Is 152592599 a composite number?
True
Is 1290229 composite?
True
Is 80338 prime?
False
Is 15589499 prime?
True
Is 10778189 a prime number?
True
Is 10106281 prime?
True
Is 5311223 composite?
True
Is 70696357 a composite number?
True
Is 104783 a composite number?
True
Is 130999 a prime number?
False
Is 326282111 prime?
True
Is 3958817 composite?
False
Is 640248347 a composite number?
False
Is 33354769 a composite number?
True
Is 149400859 composite?
False
Is 22465987 prime?
True
Is 28879 a composite number?
False
Is 6861397 a prime number?
True
Is 5941921 composite?
False
Is 2451667 a composite number?
False
Is 25603066 a composite number?
True
Is 22514659 prime?
False
Is 1055671 prime?
True
Is 105065209 a composite number?
True
Is 569983 prime?
True
Is 108591823 a prime number?
True
Is 98699 a prime number?
False
Is 1123579 a prime number?
False
Is 158804309 a prime number?
True
Is 202619 a composite number?
True
Is 6962671 a prime number?
True
Is 10646323 a composite number?
True
Is 383269319 composite?
False
Is 69784163 prime?
True
Is 6163243 prime?
False
Is 205304551 prime?
True
Is 141548285 a composite number?
True
Is 2614789 a composite number?
True
Is 22717663 prime?
True
Is 185668031 a composite number?
True
Is 1716613 a prime number?
True
Is 31702595 composite?
True
Is 13670353 composite?
True
Is 393081341 a composite number?
True
Is 67328941 a prime number?
True
Is 156255433 composite?
False
Is 139982123 composite?
True
Is 55574491 a composite number?
True
Is 14138818 a prime number?
False
Is 31567 composite?
False
Is 41684039 a prime number?
True
Is 71793913 a composite number?
True
Is 327841 composite?
True
Is 46882843 composite?
True
Is 1280046337 composite?
False
Is 102091903 composite?
False
Is 662231041 a composite number?
True
Is 11410823 a composite number?
True
Is 519785597 a composite number?
False
Is 36903181 a composite number?
True
Is 2565611 a composite number?
False
Is 13334029 prime?
False
Is 12590933 a composite number?
False
Is 50881067 a prime number?
False
Is 110817913 composite?
False
Is 738251 prime?
False
Is 333162715 a prime number?
False
Is 76688603 prime?
False
Is 76066799 a prime number?
True
Is 3210089 a composite number?
False
Is 2348693 a prime number?
True
Is 77965801 composite?
True
Is 1605077 a prime number?
False
Is 4153103 a composite number?
True
Is 1340389 prime?
False
Is 21820243 prime?
True
Is 649109593 a prime number?
False
Is 33781987 a composite number?
False
Is 1398541 a prime number?
True
Is 60087961 a composite number?
False
Is 307263631 a prime number?
False
Is 32645647 composite?
False
Is 27444127 a composite number?
True
Is 23464783 composite?
False
Is 656113979 prime?
True
Is 147264457 composite?
False
Is 5544047 a composite number?
False
Is 12968743 prime?
True
Is 1937969 composite?
True
Is 112753 composite?
True
Is 1496179 composite?
True
Is 350295373 a prime number?
True
Is 23127155 composite?
True
Is 543781061 a composite number?
False
Is 13223249 a composite number?
True
Is 359897 a composite number?
False
Is 6967937 prime?
True
Is 150888799 prime?
True
Is 28565431 prime?
False
Is 1392299 composite?
True
Is 8382623 a prime number?
True
Is 415709 a prime number?
False
Is 1040593 prime?
False
Is 192119 prime?
False
Is 86921741 composite?
False
Is 370489393 composite?
True
Is 17745577 composite?
False
Is 120528931 a prime number?
False
Is 125885759 a prime number?
False
Is 54734111 a prime number?
True
Is 299140397 composite?
True
Is 3774739 composite?
False
Is 2446751 a composite number?
True
Is 19164529 prime?
False
Is 3292969 composite?
False
Is 32514227 prime?
False
Is 32409071 a composite number?
True
Is 1023731 prime?
True
Is 2764351 a composite number?
True
Is 108833981 a prime number?
True
Is 8194737 a composite number?
True
Is 37010851 composite?
False
Is 3902446 a composite number?
True
Is 192064373 composite?
True
Is 13251967 composite?
False
Is 2743177 a prime number?
True
Is 9280871 a composite